15 + d/(-10).
3
Let d = -1310 - -1549. Calculate the remainder when d is divided by 64.
47
Suppose 2*t + 5*d - 8036 = 0, 3*t - 3*d - 5316 = 6780. Suppose 0 = 20*p - p - t. Calculate the remainder when p is divided by 27.
23
Let s = 7085 - 7068. What is the remainder when 16234 is divided by s?
16
Let i = -1 - -30. Calculate the remainder when i is divided by 3/(-4) + 609/348.
0
Let o = -270 + 272. Calculate the remainder when (o + 3)/(2 - 248/128) is divided by 17.
12
Let u = 3397 + -3382. Let d(c) = -42*c**3 + c**2 - 2*c - 2. What is the remainder when d(-2) is divided by u?
12
Let h(b) = 3*b**3 - 14*b**2 - 10*b - 19. Let f be h(7). Let k = 177 + f. What is the remainder when k is divided by 31?
28
Suppose -54*z = -64*z + 11 + 149. Calculate the remainder when 449 is divided by z.
1
Suppose 0 = 2*f - 5*i - 18, 2*f + i - 4 = -i. Let c(d) = 10*d**2 - 7*d + 30. Calculate the remainder when c(f) is divided by 24.
18
Let b = -156 - -271. Let n = 221180 - 221171. What is the remainder when b is divided by n?
7
Suppose -29*h - 27812 = -4*m - 33*h, 0 = -5*h + 15. What is the remainder when m is divided by 44?
42
Let a = 7395 - 7381. What is the remainder when 104 is divided by a?
6
Let p(m) be the first derivative of m**4/4 - 2*m**3/3 + m**2 - 4*m + 24. Let b be p(3). Suppose 8*t + 57 = b*t. What is the remainder when 32 is divided by t?
13
Suppose y = 4*y - 9. Suppose 2*r + 56 = -y*p, p - 40 = 3*p + 2*r. Let g = 32 + p. What is the remainder when g is divided by 5?
1
Suppose -24 = 4*p, -g - 2*p + 455 = 103. Calculate the remainder when g is divided by 34.
24
Suppose -t + 308 = -0*t. Suppose 4*j = -24 + t. Suppose 5*k + 3*o - 24 - 54 = 0, k - 12 = 3*o. Calculate the remainder when j is divided by k.
11
Let q(k) = -2*k + 27. Let f be q(7). Calculate the remainder when 77 is divided by f + (-2 - -3) + 2.
13
Let t = -1319 - -1324. Let v(n) be the second derivative of n**5/20 - n**4/6 + n**3/6 - 5*n**2 + n. Calculate the remainder when v(t) is divided by 12.
10
Suppose 27*v = 467 + 181. Suppose -i + 136 = g, v*g + i + 668 = 29*g. What is the remainder when g is divided by 47?
40
Suppose 2*l = -71*a + 70*a + 6862, 0 = 3*l + 3*a - 10296. What is the remainder when l is divided by 88?
86
Suppose -3*u - 702 = -2*a, -a + 5*u + 9 = -356. Calculate the remainder when a is divided by 64.
25
Let a(g) = -g**3 - 6*g - 1. Let j(d) = -4*d**2 - 58*d + 74. Calculate the remainder when a(-4) is divided by j(-15).
43
Let s(n) = -13*n - 2. Let o(t) = -61*t - 16. What is the remainder when o(-2) is divided by s(-3)?
32
Let b be (12/(-32))/(12/(-16))*8. Suppose -5*p + 2*o + 46 = -2*o, -4*p + 8 = b*o. What is the remainder when 62 is divided by 434/35 - p/(-10)?
10
Suppose 142*q = -95*q + 426766 + 345854. Calculate the remainder when q is divided by 651.
5
Calculate the remainder when (-4)/7 + (211380/7)/30 is divided by 247.
18
Let n be ((-2)/4)/((-3)/(-384)). Let t = -87 + 40. Let k = t - n. Calculate the remainder when 33 is divided by k.
16
Let j be 114 - (-2)/(-6)*-3. Suppose 23*a - 18*a = j. Calculate the remainder when 124 is divided by a.
9
Let p be (0/(-2))/(44 + -43). Suppose -4*d + p = -20. Calculate the remainder when 14 is divided by d.
4
Suppose 8*p = 4*p + 8. Suppose p*b + 218 = 4*b. Suppose 82 = 6*s - 140. Calculate the remainder when b is divided by s.
35
Let z(t) = -6*t - 31. Let s be z(-6). Calculate the remainder when 40 is divided by (1 + (-1)/s)/(31/620).
8
Let d = -982 + 981. What is the remainder when 200 is divided by 1*(-66 + d)*(-22 + 21)?
66
Suppose -166*l + 524 = -158*l - 244. Calculate the remainder when 1725 is divided by l.
93
Suppose -3115 + 567 = 14*b. Let x = -154 - b. Calculate the remainder when 306 is divided by x.
26
Suppose -1671 = -11*x + 980. Let u = 258 - x. What is the remainder when 87 is divided by u?
2
Suppose -30 = b - 7*b. Suppose 6 = -2*n, 5*k - 144 = -b*n + 3*n. What is the remainder when 86 is divided by k?
26
Suppose h - 2*h + 90 = -0*h. What is the remainder when 265 is divided by h?
85
Suppose 7*k - 9218 = -8665. Calculate the remainder when k is divided by 74.
5
Suppose 9*f + 3*f - 8100 = 0. Suppose -12*w = -17*w + f. What is the remainder when w is divided by 23?
20
Suppose 0*w = 3*n - 2*w, 2*w = 2*n + 2. Calculate the remainder when 282*n*(-6)/(-36)*1 is divided by 50.
44
Suppose -3*z = -0*z - 21. Suppose 429 = -s + 441. Let l(o) = o**2 - 10*o - 20. What is the remainder when z is divided by l(s)?
3
Let k be -31 + (-4)/6*3. Let l = k + 35. Calculate the remainder when (-3220)/(-30) + l/3 is divided by 22.
20
Suppose -2*a - 6 = -4*a. Suppose -b - a + 0 = -3*x, 0 = b - 2*x + 3. What is the remainder when (-126)/b + (0 + 4 - 2) is divided by 23?
21
Let o = 25726 + -16804. Calculate the remainder when o is divided by 97.
95
Let u(h) = -h**3 + 4*h**2 + 12*h - 5. Suppose -5*b - b + 30 = 0. Calculate the remainder when u(b) is divided by 8.
6
Let r = -52 - -81. Suppose -3*t + 5*o - 60 + 283 = 0, t + o - 77 = 0. What is the remainder when t is divided by r?
18
Let y(z) = z**3 + 33*z**2 + 25*z - 47. Calculate the remainder when 526 is divided by y(-32).
172
Suppose -16*q - 28 = -23*q. Suppose q*t - 436 = -2*i, 5*i = -3*t + 531 + 573. What is the remainder when i is divided by 7?
5
Let c = -14972 + 15020. Calculate the remainder when (-554)/(-3) - (-6)/18 is divided by c.
41
What is the remainder when 618 is divided by 90 - 18 - (1 + -4 + 13)?
60
Let q = 2 + 5. Suppose 4*a - g + 22 = 227, 6*g - 18 = 0. What is the remainder when a is divided by q?
3
Calculate the remainder when 12/22*(-4 + 1357) is divided by 73.
8
Suppose -3*m + 4 = 3*i - 14, -3*i = -2*m + 2. Suppose 0 = -m*x + 32 + 76. Calculate the remainder when (-1 - -1*108) + -2 is divided by x.
24
Let s(d) = d**2 - d. Let q = -358 + 645. Suppose 0 = -4*h - 8, -5*f + h = -0*f - q. What is the remainder when f is divided by s(-5)?
27
Let a(h) = 10 + 1 - 3*h**3 - 3*h**2 + 6 - h - 4. What is the remainder when a(-4) is divided by 18?
17
Let q = -145 - -148. Let s = 5 - q. What is the remainder when 23 is divided by s?
1
Let m(c) = -c**3 + 4*c - 48. Let v be m(0). Let h = v + 280. What is the remainder when h is divided by 18?
16
Let s(x) = -19*x - 50. Let q be s(-15). Let c = q + -197. Calculate the remainder when c is divided by 1.
0
Calculate the remainder when 1384 is divided by (-18)/(-5)*(22*(-7 + 2))/(-4).
97
Calculate the remainder when 562 + 63 - -1*(-5 + 4 - -6) is divided by 306.
18
What is the remainder when 376 - (2/7 + 1560/420) is divided by 79?
56
Let h(n) = n**3 - 6*n**2 + 33*n - 123. What is the remainder when 490 is divided by h(5)?
14
Let k = 380 + -381. Let v(t) = -33*t**3 + 4*t + 2. What is the remainder when 309 is divided by v(k)?
30
Let i(h) = h**2 + 12*h - 24. Calculate the remainder when i(6) is divided by 27/4*(-3 + 17/3).
12
Let o(k) = 5*k - 131. Let d be o(29). Suppose 3339 = -d*u + 23*u. What is the remainder when u is divided by 17?
14
Let k = -2309 - -4295. Calculate the remainder when k is divided by 51.
48
Let f = 407 + -383. Let h(l) = 5*l - 98. Calculate the remainder when 35 is divided by h(f).
13
Suppose 5563*g = 5551*g + 5400. What is the remainder when g is divided by 441?
9
Suppose -2*x = 3*r - 477 + 69, 0 = -x - 4*r + 204. What is the remainder when x is divided by 69?
66
Suppose -2*p - 254 = r, -2*p - p + 3*r = 372. Suppose -1593 = -9*b - 0*b. Let f = p + b. What is the remainder when f is divided by 14?
9
Suppose -3*j = -405 - 513 - 75. Calculate the remainder when j is divided by 92.
55
Suppose -99*m - 112 = -89*m - 1112. What is the remainder when 350 is divided by m?
50
Let b be (-6)/(-9)*(-477)/(-6) + -3. Suppose 18*a - b = 472. What is the remainder when 129 is divided by a?
13
Suppose -15 = -4*w - 3. What is the remainder when 1764 is divided by w?
0
Calculate the remainder when (0 - -5)*(-370644)/(-1340) is divided by 154.
151
Let j(d) = d**3 - 30*d**2 - 48*d + 69. Let s be j(31). Let h = -416 - s. What is the remainder when h is divided by 30?
12
Suppose -110 = 22*f - 3740. Calculate the remainder when 5275 is divided by f.
160
Let f(i) = 18*i - 448. What is the remainder when f(29) is divided by (-2)/(-7) + 2000/56?
2
Let m be (-198)/44*(-16)/36. Suppose 2*w - 510 = m*t, -4*w - 2*t - 1272 = -9*w. What is the remainder